{"id":21733,"date":"2021-03-02T16:03:09","date_gmt":"2021-03-02T14:03:09","guid":{"rendered":"https:\/\/maqcenter.com\/producto\/2013-v2\/"},"modified":"2021-03-02T16:03:09","modified_gmt":"2021-03-02T14:03:09","slug":"2013-v2","status":"publish","type":"product","link":"https:\/\/maqcenter.com\/pt-pt\/producto\/2013-v2\/","title":{"rendered":"2013-V2"},"content":{"rendered":"<p>* Velocidade da correia de corte controlada por variador eletr\u00f4nico de frequ\u00eancia<br \/>\n* Altura m\u00e1xima de trabalho 330 mm<br \/>\n* Largura m\u00e1xima da coluna 508 mm<\/p>\n<p>Essas m\u00e1quinas verticais s\u00e3o algumas das mais vers\u00e1teis do mercado. Serras de contorno verticais para cortar alum\u00ednio, lat\u00e3o, cobre, a\u00e7os macios, a\u00e7os para ferramentas pesadas, a\u00e7os inoxid\u00e1veis \u200b\u200be chapas met\u00e1licas, bem como para cortar pl\u00e1sticos e materiais fibrosos. Al\u00e9m disso, est\u00e3o dispon\u00edveis com uma grande variedade de acess\u00f3rios que permitem o corte de contorno, corte de disco e muito mais.  <\/p>\n<p>Pot\u00eancia do motor:<br \/>\n&#8211; 2013-V2: 1,5kW \/ 2HP<\/p>\n<p>Equipamento standard:<\/p>\n<p>-Um conjunto de blocos guia de alta velocidade para fitas de 3 a 13 mm<br \/>\n-Um conjunto de guias de a\u00e7o para fitas de 6, 10 e 13 mm<br \/>\n-Indicador de velocidade da fita<br \/>\n-Bandeja de aparas amov\u00edvel<br \/>\n-Indicador de tens\u00e3o da fita<br \/>\n-Soprador de aparas (requer fornecimento de ar comprimido)<br \/>\n-Volante de eleva\u00e7\u00e3o do poste<br \/>\n-Acionamento CA de velocidade vari\u00e1vel (controlo de velocidade, arranque suave e fun\u00e7\u00f5es de travagem din\u00e2mica)<br \/>\n-Bloqueio da porta da fita<br \/>\n-Transmiss\u00e3o de dupla gama<br \/>\n-\u00d3leo de transmiss\u00e3o<br \/>\n-Uma l\u00e2mina de serra de fita bimet\u00e1lica<br \/>\n-Manual de instru\u00e7\u00f5es e cat\u00e1logo de pe\u00e7as<\/p>\n","protected":false},"excerpt":{"rendered":"<p>* Velocidade da correia de corte controlada por variador eletr\u00f4nico de frequ\u00eancia * Altura m\u00e1xima de trabalho 330 mm * Largura m\u00e1xima da coluna 508 mm Essas m\u00e1quinas verticais s\u00e3o algumas das mais vers\u00e1teis do mercado. Serras de contorno verticais para cortar alum\u00ednio, lat\u00e3o, cobre, a\u00e7os macios, a\u00e7os para ferramentas pesadas, a\u00e7os inoxid\u00e1veis \u200b\u200be chapas [&hellip;]<\/p>\n","protected":false},"featured_media":21734,"template":"","meta":[],"product_brand":[],"product_cat":[539,548],"product_tag":[575],"marca-producto":[103],"serie-producto":[307],"class_list":{"0":"post-21733","1":"product","2":"type-product","3":"status-publish","4":"has-post-thumbnail","6":"product_cat-serras","7":"product_cat-serras-verticais","8":"product_tag-moldes-e-matrizes","9":"marca-producto-doall","10":"serie-producto-serie-v-doall","12":"first","13":"instock","14":"product-type-simple"},"yoast_head":"<!-- This site is optimized with the Yoast SEO plugin v27.0 - https:\/\/yoast.com\/product\/yoast-seo-wordpress\/ -->\n<title>2013-V2<\/title>\n<meta name=\"description\" content=\"2013-V2. * Velocidade da correia de corte controlada por variador eletr\u00f4nico de frequ\u00eancia * Altura m\u00e1xima de trabalho 330 mm * Largura m\u00e1xima da coluna 508 mm\" \/>\n<meta name=\"robots\" content=\"index, follow, max-snippet:-1, max-image-preview:large, max-video-preview:-1\" \/>\n<link rel=\"canonical\" href=\"https:\/\/maqcenter.com\/pt-pt\/producto\/2013-v2\/\" \/>\n<meta property=\"og:locale\" content=\"pt_PT\" \/>\n<meta property=\"og:type\" content=\"article\" \/>\n<meta property=\"og:title\" content=\"2013-V2\" \/>\n<meta property=\"og:description\" content=\"2013-V2. * Velocidade da correia de corte controlada por variador eletr\u00f4nico de frequ\u00eancia * Altura m\u00e1xima de trabalho 330 mm * Largura m\u00e1xima da coluna 508 mm\" \/>\n<meta property=\"og:url\" content=\"https:\/\/maqcenter.com\/pt-pt\/producto\/2013-v2\/\" \/>\n<meta property=\"og:site_name\" content=\"MAQcenter\" \/>\n<meta name=\"twitter:card\" content=\"summary_large_image\" \/>\n<meta name=\"twitter:label1\" content=\"Tempo estimado de leitura\" \/>\n\t<meta name=\"twitter:data1\" content=\"1 minuto\" \/>\n<script type=\"application\/ld+json\" class=\"yoast-schema-graph\">{\"@context\":\"https:\/\/schema.org\",\"@graph\":[{\"@type\":[\"WebPage\",\"ItemPage\"],\"@id\":\"https:\/\/maqcenter.com\/pt-pt\/producto\/2013-v2\/\",\"url\":\"https:\/\/maqcenter.com\/pt-pt\/producto\/2013-v2\/\",\"name\":\"2013-V2\",\"isPartOf\":{\"@id\":\"https:\/\/maqcenter.com\/pt-pt\/#website\"},\"primaryImageOfPage\":{\"@id\":\"https:\/\/maqcenter.com\/pt-pt\/producto\/2013-v2\/#primaryimage\"},\"image\":{\"@id\":\"https:\/\/maqcenter.com\/pt-pt\/producto\/2013-v2\/#primaryimage\"},\"thumbnailUrl\":\"https:\/\/maqcenter.com\/wp-content\/uploads\/2021\/03\/DoALL-2013-V2-2013-V3.jpg\",\"datePublished\":\"2021-03-02T14:03:09+00:00\",\"description\":\"2013-V2. * Velocidade da correia de corte controlada por variador eletr\u00f4nico de frequ\u00eancia * Altura m\u00e1xima de trabalho 330 mm * Largura m\u00e1xima da coluna 508 mm\",\"breadcrumb\":{\"@id\":\"https:\/\/maqcenter.com\/pt-pt\/producto\/2013-v2\/#breadcrumb\"},\"inLanguage\":\"pt-PT\",\"potentialAction\":[{\"@type\":\"ReadAction\",\"target\":[\"https:\/\/maqcenter.com\/pt-pt\/producto\/2013-v2\/\"]}]},{\"@type\":\"ImageObject\",\"inLanguage\":\"pt-PT\",\"@id\":\"https:\/\/maqcenter.com\/pt-pt\/producto\/2013-v2\/#primaryimage\",\"url\":\"https:\/\/maqcenter.com\/wp-content\/uploads\/2021\/03\/DoALL-2013-V2-2013-V3.jpg\",\"contentUrl\":\"https:\/\/maqcenter.com\/wp-content\/uploads\/2021\/03\/DoALL-2013-V2-2013-V3.jpg\",\"width\":500,\"height\":500,\"caption\":\"Sierras verticales DoALL 2013-V2 &amp; 2013-V3\"},{\"@type\":\"BreadcrumbList\",\"@id\":\"https:\/\/maqcenter.com\/pt-pt\/producto\/2013-v2\/#breadcrumb\",\"itemListElement\":[{\"@type\":\"ListItem\",\"position\":1,\"name\":\"Productos\",\"item\":\"https:\/\/maqcenter.com\/pt-pt\/\"},{\"@type\":\"ListItem\",\"position\":2,\"name\":\"Produtos\",\"item\":\"https:\/\/maqcenter.com\/pt-pt\/shop\/\"},{\"@type\":\"ListItem\",\"position\":3,\"name\":\"2013-V2\"}]},{\"@type\":\"WebSite\",\"@id\":\"https:\/\/maqcenter.com\/pt-pt\/#website\",\"url\":\"https:\/\/maqcenter.com\/pt-pt\/\",\"name\":\"MAQcenter\",\"description\":\"El centro de tus soluciones\",\"publisher\":{\"@id\":\"https:\/\/maqcenter.com\/pt-pt\/#organization\"},\"potentialAction\":[{\"@type\":\"SearchAction\",\"target\":{\"@type\":\"EntryPoint\",\"urlTemplate\":\"https:\/\/maqcenter.com\/pt-pt\/?s={search_term_string}\"},\"query-input\":{\"@type\":\"PropertyValueSpecification\",\"valueRequired\":true,\"valueName\":\"search_term_string\"}}],\"inLanguage\":\"pt-PT\"},{\"@type\":\"Organization\",\"@id\":\"https:\/\/maqcenter.com\/pt-pt\/#organization\",\"name\":\"MAQcenter S.A.\",\"url\":\"https:\/\/maqcenter.com\/pt-pt\/\",\"logo\":{\"@type\":\"ImageObject\",\"inLanguage\":\"pt-PT\",\"@id\":\"https:\/\/maqcenter.com\/pt-pt\/#\/schema\/logo\/image\/\",\"url\":\"https:\/\/maqcenter.com\/wp-content\/uploads\/2021\/02\/MAQcenter_logo_vertical.svg\",\"contentUrl\":\"https:\/\/maqcenter.com\/wp-content\/uploads\/2021\/02\/MAQcenter_logo_vertical.svg\",\"width\":300,\"height\":174,\"caption\":\"MAQcenter S.A.\"},\"image\":{\"@id\":\"https:\/\/maqcenter.com\/pt-pt\/#\/schema\/logo\/image\/\"}}]}<\/script>\n<!-- \/ Yoast SEO plugin. -->","yoast_head_json":{"title":"2013-V2","description":"2013-V2. * Velocidade da correia de corte controlada por variador eletr\u00f4nico de frequ\u00eancia * Altura m\u00e1xima de trabalho 330 mm * Largura m\u00e1xima da coluna 508 mm","robots":{"index":"index","follow":"follow","max-snippet":"max-snippet:-1","max-image-preview":"max-image-preview:large","max-video-preview":"max-video-preview:-1"},"canonical":"https:\/\/maqcenter.com\/pt-pt\/producto\/2013-v2\/","og_locale":"pt_PT","og_type":"article","og_title":"2013-V2","og_description":"2013-V2. * Velocidade da correia de corte controlada por variador eletr\u00f4nico de frequ\u00eancia * Altura m\u00e1xima de trabalho 330 mm * Largura m\u00e1xima da coluna 508 mm","og_url":"https:\/\/maqcenter.com\/pt-pt\/producto\/2013-v2\/","og_site_name":"MAQcenter","twitter_card":"summary_large_image","twitter_misc":{"Tempo estimado de leitura":"1 minuto"},"schema":{"@context":"https:\/\/schema.org","@graph":[{"@type":["WebPage","ItemPage"],"@id":"https:\/\/maqcenter.com\/pt-pt\/producto\/2013-v2\/","url":"https:\/\/maqcenter.com\/pt-pt\/producto\/2013-v2\/","name":"2013-V2","isPartOf":{"@id":"https:\/\/maqcenter.com\/pt-pt\/#website"},"primaryImageOfPage":{"@id":"https:\/\/maqcenter.com\/pt-pt\/producto\/2013-v2\/#primaryimage"},"image":{"@id":"https:\/\/maqcenter.com\/pt-pt\/producto\/2013-v2\/#primaryimage"},"thumbnailUrl":"https:\/\/maqcenter.com\/wp-content\/uploads\/2021\/03\/DoALL-2013-V2-2013-V3.jpg","datePublished":"2021-03-02T14:03:09+00:00","description":"2013-V2. * Velocidade da correia de corte controlada por variador eletr\u00f4nico de frequ\u00eancia * Altura m\u00e1xima de trabalho 330 mm * Largura m\u00e1xima da coluna 508 mm","breadcrumb":{"@id":"https:\/\/maqcenter.com\/pt-pt\/producto\/2013-v2\/#breadcrumb"},"inLanguage":"pt-PT","potentialAction":[{"@type":"ReadAction","target":["https:\/\/maqcenter.com\/pt-pt\/producto\/2013-v2\/"]}]},{"@type":"ImageObject","inLanguage":"pt-PT","@id":"https:\/\/maqcenter.com\/pt-pt\/producto\/2013-v2\/#primaryimage","url":"https:\/\/maqcenter.com\/wp-content\/uploads\/2021\/03\/DoALL-2013-V2-2013-V3.jpg","contentUrl":"https:\/\/maqcenter.com\/wp-content\/uploads\/2021\/03\/DoALL-2013-V2-2013-V3.jpg","width":500,"height":500,"caption":"Sierras verticales DoALL 2013-V2 &amp; 2013-V3"},{"@type":"BreadcrumbList","@id":"https:\/\/maqcenter.com\/pt-pt\/producto\/2013-v2\/#breadcrumb","itemListElement":[{"@type":"ListItem","position":1,"name":"Productos","item":"https:\/\/maqcenter.com\/pt-pt\/"},{"@type":"ListItem","position":2,"name":"Produtos","item":"https:\/\/maqcenter.com\/pt-pt\/shop\/"},{"@type":"ListItem","position":3,"name":"2013-V2"}]},{"@type":"WebSite","@id":"https:\/\/maqcenter.com\/pt-pt\/#website","url":"https:\/\/maqcenter.com\/pt-pt\/","name":"MAQcenter","description":"El centro de tus soluciones","publisher":{"@id":"https:\/\/maqcenter.com\/pt-pt\/#organization"},"potentialAction":[{"@type":"SearchAction","target":{"@type":"EntryPoint","urlTemplate":"https:\/\/maqcenter.com\/pt-pt\/?s={search_term_string}"},"query-input":{"@type":"PropertyValueSpecification","valueRequired":true,"valueName":"search_term_string"}}],"inLanguage":"pt-PT"},{"@type":"Organization","@id":"https:\/\/maqcenter.com\/pt-pt\/#organization","name":"MAQcenter S.A.","url":"https:\/\/maqcenter.com\/pt-pt\/","logo":{"@type":"ImageObject","inLanguage":"pt-PT","@id":"https:\/\/maqcenter.com\/pt-pt\/#\/schema\/logo\/image\/","url":"https:\/\/maqcenter.com\/wp-content\/uploads\/2021\/02\/MAQcenter_logo_vertical.svg","contentUrl":"https:\/\/maqcenter.com\/wp-content\/uploads\/2021\/02\/MAQcenter_logo_vertical.svg","width":300,"height":174,"caption":"MAQcenter S.A."},"image":{"@id":"https:\/\/maqcenter.com\/pt-pt\/#\/schema\/logo\/image\/"}}]}},"_links":{"self":[{"href":"https:\/\/maqcenter.com\/pt-pt\/wp-json\/wp\/v2\/product\/21733","targetHints":{"allow":["GET"]}}],"collection":[{"href":"https:\/\/maqcenter.com\/pt-pt\/wp-json\/wp\/v2\/product"}],"about":[{"href":"https:\/\/maqcenter.com\/pt-pt\/wp-json\/wp\/v2\/types\/product"}],"wp:featuredmedia":[{"embeddable":true,"href":"https:\/\/maqcenter.com\/pt-pt\/wp-json\/wp\/v2\/media\/21734"}],"wp:attachment":[{"href":"https:\/\/maqcenter.com\/pt-pt\/wp-json\/wp\/v2\/media?parent=21733"}],"wp:term":[{"taxonomy":"product_brand","embeddable":true,"href":"https:\/\/maqcenter.com\/pt-pt\/wp-json\/wp\/v2\/product_brand?post=21733"},{"taxonomy":"product_cat","embeddable":true,"href":"https:\/\/maqcenter.com\/pt-pt\/wp-json\/wp\/v2\/product_cat?post=21733"},{"taxonomy":"product_tag","embeddable":true,"href":"https:\/\/maqcenter.com\/pt-pt\/wp-json\/wp\/v2\/product_tag?post=21733"},{"taxonomy":"marca-producto","embeddable":true,"href":"https:\/\/maqcenter.com\/pt-pt\/wp-json\/wp\/v2\/marca-producto?post=21733"},{"taxonomy":"serie-producto","embeddable":true,"href":"https:\/\/maqcenter.com\/pt-pt\/wp-json\/wp\/v2\/serie-producto?post=21733"}],"curies":[{"name":"wp","href":"https:\/\/api.w.org\/{rel}","templated":true}]}}

<p>* Velocidade da correia de corte controlada por variador eletrônico de frequência<br />
* Altura máxima de trabalho 330 mm<br />
* Largura máxima da coluna 508 mm</p>
<p>Essas máquinas verticais são algumas das mais versáteis do mercado. Serras de contorno verticais para cortar alumínio, latão, cobre, aços macios, aços para ferramentas pesadas, aços inoxidáveis ​​e chapas metálicas, bem como para cortar plásticos e materiais fibrosos. Além disso, estão disponíveis com uma grande variedade de acessórios que permitem o corte de contorno, corte de disco e muito mais.  </p>
<p>Potência do motor:<br />
&#8211; 2013-V2: 1,5kW / 2HP</p>
<p>Equipamento standard:</p>
<p>-Um conjunto de blocos guia de alta velocidade para fitas de 3 a 13 mm<br />
-Um conjunto de guias de aço para fitas de 6, 10 e 13 mm<br />
-Indicador de velocidade da fita<br />
-Bandeja de aparas amovível<br />
-Indicador de tensão da fita<br />
-Soprador de aparas (requer fornecimento de ar comprimido)<br />
-Volante de elevação do poste<br />
-Acionamento CA de velocidade variável (controlo de velocidade, arranque suave e funções de travagem dinâmica)<br />
-Bloqueio da porta da fita<br />
-Transmissão de dupla gama<br />
-Óleo de transmissão<br />
-Uma lâmina de serra de fita bimetálica<br />
-Manual de instruções e catálogo de peças</p>

<p>* Velocidade da correia de corte controlada por variador eletrônico de frequência * Altura máxima de trabalho 330 mm * Largura máxima da coluna 508 mm Essas máquinas verticais são algumas das mais versáteis do mercado. Serras de contorno verticais para cortar alumínio, latão, cobre, aços macios, aços para ferramentas pesadas, aços inoxidáveis ​​e chapas [&hellip;]</p>

<!-- This site is optimized with the Yoast SEO plugin v27.0 - https://yoast.com/product/yoast-seo-wordpress/ -->
<title>2013-V2</title>
<meta name="description" content="2013-V2. * Velocidade da correia de corte controlada por variador eletrônico de frequência * Altura máxima de trabalho 330 mm * Largura máxima da coluna 508 mm" />
<meta name="robots" content="index, follow, max-snippet:-1, max-image-preview:large, max-video-preview:-1" />
<link rel="canonical" href="https://maqcenter.com/pt-pt/producto/2013-v2/" />
<meta property="og:locale" content="pt_PT" />
<meta property="og:type" content="article" />
<meta property="og:title" content="2013-V2" />
<meta property="og:description" content="2013-V2. * Velocidade da correia de corte controlada por variador eletrônico de frequência * Altura máxima de trabalho 330 mm * Largura máxima da coluna 508 mm" />
<meta property="og:url" content="https://maqcenter.com/pt-pt/producto/2013-v2/" />
<meta property="og:site_name" content="MAQcenter" />
<meta name="twitter:card" content="summary_large_image" />
<meta name="twitter:label1" content="Tempo estimado de leitura" />
	<meta name="twitter:data1" content="1 minuto" />
<script type="application/ld+json" class="yoast-schema-graph">{"@context":"https://schema.org","@graph":[{"@type":["WebPage","ItemPage"],"@id":"https://maqcenter.com/pt-pt/producto/2013-v2/","url":"https://maqcenter.com/pt-pt/producto/2013-v2/","name":"2013-V2","isPartOf":{"@id":"https://maqcenter.com/pt-pt/#website"},"primaryImageOfPage":{"@id":"https://maqcenter.com/pt-pt/producto/2013-v2/#primaryimage"},"image":{"@id":"https://maqcenter.com/pt-pt/producto/2013-v2/#primaryimage"},"thumbnailUrl":"https://maqcenter.com/wp-content/uploads/2021/03/DoALL-2013-V2-2013-V3.jpg","datePublished":"2021-03-02T14:03:09+00:00","description":"2013-V2. * Velocidade da correia de corte controlada por variador eletrônico de frequência * Altura máxima de trabalho 330 mm * Largura máxima da coluna 508 mm","breadcrumb":{"@id":"https://maqcenter.com/pt-pt/producto/2013-v2/#breadcrumb"},"inLanguage":"pt-PT","potentialAction":[{"@type":"ReadAction","target":["https://maqcenter.com/pt-pt/producto/2013-v2/"]}]},{"@type":"ImageObject","inLanguage":"pt-PT","@id":"https://maqcenter.com/pt-pt/producto/2013-v2/#primaryimage","url":"https://maqcenter.com/wp-content/uploads/2021/03/DoALL-2013-V2-2013-V3.jpg","contentUrl":"https://maqcenter.com/wp-content/uploads/2021/03/DoALL-2013-V2-2013-V3.jpg","width":500,"height":500,"caption":"Sierras verticales DoALL 2013-V2 &amp; 2013-V3"},{"@type":"BreadcrumbList","@id":"https://maqcenter.com/pt-pt/producto/2013-v2/#breadcrumb","itemListElement":[{"@type":"ListItem","position":1,"name":"Productos","item":"https://maqcenter.com/pt-pt/"},{"@type":"ListItem","position":2,"name":"Produtos","item":"https://maqcenter.com/pt-pt/shop/"},{"@type":"ListItem","position":3,"name":"2013-V2"}]},{"@type":"WebSite","@id":"https://maqcenter.com/pt-pt/#website","url":"https://maqcenter.com/pt-pt/","name":"MAQcenter","description":"El centro de tus soluciones","publisher":{"@id":"https://maqcenter.com/pt-pt/#organization"},"potentialAction":[{"@type":"SearchAction","target":{"@type":"EntryPoint","urlTemplate":"https://maqcenter.com/pt-pt/?s={search_term_string}"},"query-input":{"@type":"PropertyValueSpecification","valueRequired":true,"valueName":"search_term_string"}}],"inLanguage":"pt-PT"},{"@type":"Organization","@id":"https://maqcenter.com/pt-pt/#organization","name":"MAQcenter S.A.","url":"https://maqcenter.com/pt-pt/","logo":{"@type":"ImageObject","inLanguage":"pt-PT","@id":"https://maqcenter.com/pt-pt/#/schema/logo/image/","url":"https://maqcenter.com/wp-content/uploads/2021/02/MAQcenter_logo_vertical.svg","contentUrl":"https://maqcenter.com/wp-content/uploads/2021/02/MAQcenter_logo_vertical.svg","width":300,"height":174,"caption":"MAQcenter S.A."},"image":{"@id":"https://maqcenter.com/pt-pt/#/schema/logo/image/"}}]}</script>
<!-- / Yoast SEO plugin. -->

2013-V2. * Velocidade da correia de corte controlada por variador eletrônico de frequência * Altura máxima de trabalho 330 mm * Largura máxima da coluna 508 mm
